mmon factor of 581991 and 120843.
1389
Calculate the greatest common factor of 58638 and 231182.
674
What is the greatest common factor of 2959 and 104664941?
269
Calculate the highest common factor of 18 and 6257382.
6
What is the highest common factor of 228 and 5261385?
57
Calculate the highest common factor of 2524624 and 174.
58
What is the greatest common factor of 7670817 and 2079?
693
Calculate the highest common divisor of 6808087 and 2574.
143
What is the highest common divisor of 1027 and 1080641?
79
What is the greatest common divisor of 6272 and 50380624?
784
Calculate the highest common factor of 85601400 and 276.
276
Calculate the highest common factor of 3355 and 393755.
305
What is the highest common factor of 182438 and 3382?
38
What is the highest common factor of 18 and 29259456?
6
Calculate the highest common factor of 1339947 and 6741.
63
What is the greatest common factor of 1027 and 26481827?
79
What is the greatest common factor of 10688 and 28217656?
1336
Calculate the greatest common divisor of 1921001 and 668.
167
Calculate the greatest common divisor of 431808 and 19392.
192
Calculate the highest common divisor of 33354 and 2907466.
218
What is the greatest common divisor of 5674750 and 33250?
250
What is the highest common divisor of 627188996 and 28?
28
Calculate the greatest common divisor of 200 and 57184850.
50
Calculate the highest common factor of 51460 and 143092.
332
Calculate the highest common divisor of 1120 and 13555640.
280
Calculate the highest common factor of 723341 and 4573.
269
What is the greatest common factor of 2100 and 235106550?
1050
Calculate the highest common divisor of 23884874 and 1378.
1378
What is the greatest common divisor of 1609990 and 48470?
1310
What is the highest common factor of 35 and 60104590?
35
What is the greatest common divisor of 199602822 and 6636?
474
Calculate the highest common divisor of 6 and 10348449.
3
What is the highest common factor of 406615 and 40095?
55
Calculate the greatest common factor of 54498576 and 24816.
528
Calculate the highest common divisor of 20368033 and 7769.
457
What is the highest common divisor of 55422 and 498?
6
What is the highest common factor of 472 and 1827664240?
472
Calculate the greatest common divisor of 240 and 36094440.
120
What is the greatest common divisor of 3283 and 2082293?
67
What is the greatest common factor of 47204 and 46?
2
Calculate the highest common factor of 59923 and 196633.
31
Calculate the greatest common divisor of 301181365 and 1765.
1765
Calculate the greatest common divisor of 1595 and 2136285.
145
Calculate the highest common divisor of 72111 and 22718319.
1677
What is the highest common factor of 693 and 1678083?
33
Calculate the greatest common divisor of 83992 and 17988.
4
What is the highest common factor of 110 and 1129062?
22
What is the greatest common divisor of 884 and 10465260?
52
Calculate the greatest common divisor of 8964095 and 70.
35
Calculate the highest common factor of 11487 and 28469.
7
Calculate the highest common factor of 8296 and 10865686.
2074
Calculate the highest common factor of 536140 and 9680.
220
Calculate the greatest common factor of 931 and 448381.
19
What is the highest common divisor of 10673148 and 48?
12
Calculate the greatest common factor of 296784 and 242109.
81
Calculate the greatest common divisor of 72813 and 1404.
39
Calculate the greatest common factor of 40187 and 2051.
7
What is the greatest common divisor of 21088 and 941711?
659
What is the highest common divisor of 9250437 and 189?
21
Calculate the highest common divisor of 1378 and 55357705.
689
Calculate the greatest common divisor of 696594992 and 8.
8
What is the highest common factor of 320 and 438700760?
40
Calculate the greatest common factor of 1401 and 3008414.
467
Calculate the highest common divisor of 56699868 and 372.
372
Calculate the greatest common factor of 53119 and 54329.
121
What is the greatest common divisor of 550077 and 165957?
33
What is the highest common divisor of 251948720 and 880?
80
Calculate the highest common factor of 29302 and 6353382.
322
What is the highest common divisor of 1514625 and 7125?
375
What is the highest common factor of 496048 and 158620?
2884
What is the highest common factor of 377425 and 24471750?
12175
Calculate the highest common factor of 3892 and 5923068.
556
Calculate the greatest common factor of 32184192 and 3.
3
Calculate the greatest common divisor of 669583642 and 26.
26
What is the highest common factor of 80524 and 472238?
82
What is the highest common divisor of 9700 and 416474350?
4850
Calculate the greatest common divisor of 396370 and 440.
10
Calculate the greatest common factor of 524055920 and 1840.
1840
What is the highest common factor of 25315398 and 149?
149
What is the greatest common divisor of 2397426 and 1578?
6
What is the highest common factor of 1954252 and 3944?
1972
Calculate the greatest common factor of 22148 and 4458641.
113
What is the highest common divisor of 1987657 and 1071?
119
What is the greatest common factor of 1367045 and 20?
5
Calculate the highest common factor of 1028 and 319619592.
1028
What is the greatest common factor of 17822 and 675374?
266
What is the greatest common factor of 1950 and 849732?
78
What is the greatest common factor of 1315048 and 11231?
1021
What is the greatest common divisor of 130572374 and 2374?
2374
What is the greatest common divisor of 29678 and 655082?
38
Calculate the greatest common divisor of 56886 and 3661662.
2994
Calculate the highest common factor of 1696300088 and 14.
14
What is the greatest common divisor of 453005980 and 4655?
4655
Calculate the highest common divisor of 862820 and 4060.
140
Calculate the highest common divisor of 9 and 44882631.
9
Calculate the highest common divisor of 226736 and 488400.
592
Calculate the highest common factor of 232936817 and 179.
179
What is the highest common divisor of 1395550 and 678452?
4294
Calculate the greatest common factor of 361803 and 312.
39
What is the highest common factor of 447265 and 1295?
35
Calculate the greatest common divisor of 30 and 9614305.
5
What is the greatest common factor of 5209965 and 180?
45
What is the highest common factor of 197637 and 178981?
583
Calculate the greatest common factor of 73164 and 851214.
546
What is the greatest common divisor of 16215047 and 188?
47
Calculate the highest common divisor of 547560 and 900720.
3240
Calculate the greatest common factor of 197328 and 282192.
48
Calculate the highest common divisor of 115048 and 7519.
73
Calculate the greatest common divisor of 402143 and 126784.
1981
What is the highest common divisor of 17327987 and 1244?
311
Calculate the highest common factor of 7277 and 1539.
19
What is the greatest common divisor of 50 and 414299250?
50
What is the highest common factor of 20919 and 943464?
57
What is the highest common factor of 7035 and 20887719?
201
Calculate the highest common factor of 679857 and 17641.
1357
What is the greatest common divisor of 30 and 212920?
10
What is the greatest common divisor of 9732948 and 72?
12
Calculate the greatest common divisor of 723312 and 99.
9
Calculate the highest common factor of 240 and 12920496.
48
What is the greatest common factor of 14175 and 151956?
567
What is the highest common factor of 12218206 and 242?
22
What is the highest common divisor of 3727526 and 341?
11
Calculate the greatest common divisor of 1738 and 39566.
2
Calculate the greatest common factor of 900945 and 765.
45
What is the greatest common divisor of 6112 and 2798723?
191
What is the greatest common divisor of 85 and 44428565?
85
Calculate the highest common factor of 1321 and 524265270.
1321
Calculate the greatest common factor of 1690584 and 1183.
7
Calculate the greatest common divisor of 1924 and 21743748.
52
Calculate the highest common divisor of 267817 and 1843.
97
What is the highest common divisor of 7997920 and 777?
259
What is the greatest common factor of 9362 and 639809?
31
Calculate the highest common factor of 99838420 and 1958.
1958
Calculate the highest common factor of 13639276 and 2300.
92
Calculate the highest common divisor of 112734840 and 118.
118
Calculate the highest common divisor of 143035